{"id":38,"date":"2025-05-28T14:14:42","date_gmt":"2025-05-28T14:14:42","guid":{"rendered":"https:\/\/toksvaerdhallen.dk\/?page_id=38"},"modified":"2025-05-28T15:32:59","modified_gmt":"2025-05-28T15:32:59","slug":"historie","status":"publish","type":"page","link":"http:\/\/toksvaerdhallen.dk\/?page_id=38","title":{"rendered":"Historie"},"content":{"rendered":"\n<p><strong>Historie<\/strong><\/p>\n\n\n\n<p>Emnet &#8220;Hal i Toksv\u00e6rd&#8221; blev f\u00f8rste gang omtalt s\u00e5 tidligt som 1979 i TGI-bladet, da foreningens afg\u00e5ende formand Knud Jensen i et interview udtalte: &#8220;Der er behov for en hal i Toksv\u00e6rd&#8221;. Emnet hvilede s\u00e5 i nogle \u00e5r men blev taget op i TGI-bladet igen flere gange i perioden 1983 til 1986. Ove Larsen, vor nuv\u00e6rende borgmester, sagde i 1983 til bladet: &#8220;at hal i Toksv\u00e6rd er ikke lige om hj\u00f8rnet&#8221;, og det fik Ove jo helt ret i.<\/p>\n\n\n\n<p>I 1986 blev tankerne om idr\u00e6tshal nr.2 i kommunen mere konkrete. En arbejdsgruppe havde, i forbindelse med frikommunefors\u00f8get, unders\u00f8gt behovet for halkapacitet i kommunen, og afd\u00e6kket et betydeligt behov for mere halkapacitet.<\/p>\n\n\n\n<p>Denne arbejdsgruppe indkaldte kommunens idr\u00e6tsforeninger til m\u00f8de, og i forl\u00e6ngelse heraf blev der etableret en ny arbejdsgruppe med repr\u00e6sentanter fra idr\u00e6tsforeningerne. Denne nye arbejdsgruppe tog initiativ til stiftelse af en &#8220;forening&#8221;, hvis opgave det var at opf\u00f8re endnu en idr\u00e6tshal i kommunen.<\/p>\n\n\n\n<p>Nu begyndte der at ske noget. Der blev hurtigt udf\u00e6rdiget lovudkast med udgangspunkt Holmegaardhallens love, og afholdt stiftende general forsamling den 16. september 1986, hvor lovene blev vedtaget, og bestyrelse valgt. &#8220;Den selvejende institution Toksv\u00e6rd Hallen&#8221; var nu mere end tanker og ideer.<\/p>\n\n\n\n<p>Der var i arbejdsgruppen inden general\u00adforsamlingen opn\u00e5et enig hed om, at hallen skulle opf\u00f8res i Toksv\u00e6rd, og at navnet skulle v\u00e6re &#8220;Toksv\u00e6rd Hallen&#8221;.<\/p>\n\n\n\n<p>Indvalgt i Toksv\u00e6rd Hallens f\u00f8rste bestyrelse blev repr\u00e6sentanter fra foreninger i alle 3 lokalomr\u00e5der Fensmark, Holme-Olstrup og Toksv\u00e6rd. Jeg, der havde v\u00e6ret uformel leder af arbejdsgruppen, blev valgt til formand for hallen.<\/p>\n\n\n\n<p>Vi var nok ikke i hallens bestyrelse helt klar over hvad vi havde sagt ja til. Det viste sig hurtigt, at der var stor forskel p\u00e5 bestyrelsesarbejdet i Toksv\u00e6rd Badmintonafdeling, hvor jeg fortsat havde mit virke, og i Toksv\u00e6rd Hallen. Der var mange uvante ting, vi skulle tage stilling til.<\/p>\n\n\n\n<p>I formalsparagraffen i hallens vedt\u00e6gter star bI.a.: &#8220;At form\u00e5let er at opf\u00f8re og drive en idr\u00e6tshal i Holmegaard kommune, at fremme enhver form for idr\u00e6t, og virke som samlingssted for egnens befolkning m.m.&#8221;.<\/p>\n\n\n\n<p>Bestyrelsen satte sig fra starten 3 meget ambiti\u00f8se og optimistiske m\u00e5l<\/p>\n\n\n\n<p>&#8211; Hallen skulle st\u00e5 f\u00e6rdig i 1988<\/p>\n\n\n\n<p>&#8211; Der skulle skaffes 1 million i egenkapital<\/p>\n\n\n\n<p>&#8211; Der skulle tegnes 1.000 medlemmer.<\/p>\n\n\n\n<p>Det skulle senere vise sig, at vi kun n\u00e5ede et af de m\u00e5l, vi havde sat os. Det lykkedes os, at samle 1,2 millioner kroner. Til geng\u00e6ld blev vi aldrig mere end 600-700 medlemmer af hallen. Men vi kan vel n\u00e6sten tillade os at sige, at vi ogs\u00e5 n\u00e5ede det vigtigste m\u00e5l, at f\u00e5 opf\u00f8rt en idr\u00e6tshal i Toksv\u00e6rd. Det tog bare lidt l\u00e6ngere tid, end vi havde m\u00e5lsat og h\u00e5bet.<\/p>\n\n\n\n<p>Selv om alt ikke gik som m\u00e5lsat, var det en drivkraft i vores arbejde at have nogle klare m\u00e5l at sigte efter. Vi var klar over at det at skaffe en stor egenkapital, var en helt n\u00f8dvendig foruds\u00e6tning for at n\u00e5 m\u00e5let. Vi var ogs\u00e5 klar over at vi ikke kunne n\u00e5 dette m\u00e5l uden medvirken fra kommunens idr\u00e6tsforeninger og andre interessenter hvorfor det var en vigtig del af vort arbejde, at inddrage s\u00e5 mange som muligt i projektet. Heldigvis var der fra starten en meget positiv holdning, i s\u00e5vel foreninger som lokalbefolkningen i \u00f8vrigt, tit at hj\u00e6lpe as s\u00e5vel \u00f8konomisk som p\u00e5 anden m\u00e5de.<\/p>\n\n\n\n<p>F\u00f8rst &#8220;p\u00e5 banen&#8221; var TGI&#8217;s hovedafdeling (meget naturligt m\u00e5ske), som gav et tilskud p\u00e5 kr. 5.000,- allerede ved den stiftende generalforsamling. Senere fulgte mange bidragydere efter store som sm\u00e5.<\/p>\n\n\n\n<p>Vi kan ikke her n\u00e6vne alle, der har ydet os \u00f8konomisk st\u00f8tte eller p\u00e5 anden m\u00e5de hjulpet os, men den store \u00f8konomiske st\u00f8tte vi modtog fra bI.a.:<\/p>\n\n\n\n<p>&#8211; Bankoholdet<\/p>\n\n\n\n<p>&#8211; TGI&#8217;s Venner<\/p>\n\n\n\n<p>&#8211; Toksv\u00e6rd Sogns Spare- og L\u00e5nekasse<\/p>\n\n\n\n<p>&#8211; har v\u00e6ret en v\u00e6sentlig \u00e5rsag til, at vi n\u00e5ede de egenkapitalm\u00e5l, vi havde sat os, s\u00e5 det var muligt at finansiere byggeriet.<\/p>\n\n\n\n<p>\u00d8konomisk st\u00f8tte &#8220;udefra&#8221; var ikke nok. Vi m\u00e5tte ogs\u00e5 selv skaffe penge, og vi fik da ogs\u00e5 sat en del aktiviteter i gang, hvoraf de mest interessante, og samtidig mest indbringende, skal n\u00e6vnes:<\/p>\n\n\n\n<p>&#8211; Salg af julekalendere, som startede i 1986, og lige siden har v\u00e6ret en stor succes.<\/p>\n\n\n\n<p>&#8211; Arbejdsdag p\u00e5 Glasv\u00e6rket, som indbragte to checks p\u00e5 i alt kr. 110.490,85.<\/p>\n\n\n\n<p>&#8211; Salg af navnemursten. Disse sten kan i dag ses indvendig i hallen.<\/p>\n\n\n\n<p>&#8211; SaIg af T-shirts med hallens navn.<\/p>\n\n\n\n<p>I 1986 blev der kikket p\u00e5 tegninger af forskellige haltyper. Budgetrammen var 4 millioner kroner, og kravet, at der skulle v\u00e6re plads til en h\u00e5ndboldbane p\u00e5 20 x 40 meter. Der blev holdt m\u00f8der med foreningerne de 3 lokalomr\u00e5der og der blev foretaget medlemstegning i hele kommunen, hvilket 1986 bragte medlemstallet op p\u00e5 473.<\/p>\n\n\n\n<p>I 1987 bes\u00f8gte vi forskellige f\u00e6rdige haller inden vi besluttede os for Henrik S\u00f8rensen, Ringsted som arkitekt og bygherre, da dette firma flere steder havde st\u00e5et for byggeri af haller som opfyldte vore krav.<\/p>\n\n\n\n<p>Vi holdt m\u00f8de med arkitekten, og fik et f\u00f8rste overslag, som viste en byggepris p\u00e5 kr. 6.483.000 incI. moms. Storstr\u00f8ms amtskommune og DDGU blev konsulteret, og der blev s\u00f8gt om tilskud fra Tipsmidlerne og DDGU. Det var ogs\u00e5 i 1987, at arbejdsdagen p\u00e5 Holmegaard Glasv\u00e6rk blev gennemf\u00f8rt med deltagelse af 70-80 personer. Prim\u00e6rt folk, der til daglig arbejdede p\u00e5 glasv\u00e6rket, men ogs\u00e5 hallens bestyrelse. De f\u00f8rste officielle m\u00f8der med kommunen blev afholdt, og kommunen udpegede 2 repr\u00e6sentanter, (Ove Larsen og Ole Jensen), til at indg\u00e5 i hallens bestyrelse.<\/p>\n\n\n\n<p>Vi solgte mursten og T-shirts m.m. ved Toksv\u00e6rds By- og Folkefest, og var repr\u00e6senteret med en stand p\u00e5 &#8220;Aktiv Holmegaard&#8221;, da det hele tiden var vigtigt for as at g\u00f8re opm\u00e6rksom p\u00e5 os selv, og tegne nye medlemmer.<\/p>\n\n\n\n<p>Formuen steg st\u00f8t og roligt, og var ved udgangen af 1987, kr. 293.334,-. Vi n\u00e5ede 1988, hvor hallen fik sit eget logo, som kan ses p\u00e5 hallens brevpapir. Logoet var designet af Mette Paarup, som sammen med sin mand Max var en star hj\u00e6lp og st\u00f8tte far bestyrelsen under hele projektet, og det var ogs\u00e5 Mette, der stod bag ide og design af Toksv\u00e6rd Hallens T-shirts, som med succes blev solgt i lokalomr\u00e5det, og gav et betydeligt overskud til hallen, da udgifterne til tr\u00f8jerne blev betalt af lokale sponsorer.<\/p>\n\n\n\n<p>Vi skulle tage stilling til, om hallen skulle momsregistreres eller ikke. En beslutning som ville f\u00e5 stor betydning for hallens \u00f8konomi mange \u00e5r fremover.<\/p>\n\n\n\n<p>For at reducere anl\u00e6gsomkostningerne valgte vi frivillig momsregistrering, hvilket bet\u00f8d, at vi ikke skulle betale moms af byggeri og inventar. Dermed reduceredes byggeomkostningerne med Ca. 1 mill. kr., og der var et tilsvarende mindre bel\u00f8b at afdrage og forrente.<\/p>\n\n\n\n<p>Intet her i livet er dog helt gratis, s\u00e5 til geng\u00e6ld for besparelserne ved opf\u00f8relsen af hallen, kunne vi se frem til, at skulle betale moms af indt\u00e6gter i forbindelse med hallens fremtidige drift. Til et m\u00f8de med \u00f8konomiudvalget havde vi udarbejdet budgetter u\/moms, som viste anl\u00e6gsomkostninger p\u00e5 kr. 5.314.000,-, og \u00e5rlige driftsomkostninger p\u00e5 kr. 531.000. Vi l\u00f8b nu ind i de f\u00f8rste alvorlige problemer siden starten i 1986. Kommunen meddelte os, at der ikke var lovm\u00e6ssigt grundlag for at st\u00f8tte os \u00f8konomisk, hverken til anl\u00e6g eller efterf\u00f8lgende drift, og at Toksv\u00e6rd Skole i konsekvens heraf, ikke kunne leje timer i hallen. Dette bet\u00f8d at de driftsbudgetter vi havde fremlagt, ikke l\u00e6ngere var realistiske, da vi i disse havde forudsat en lejeindt\u00e6gt fra Toksv\u00e6rd Skole. Kommunen var tillige usikker p\u00e5, om der til de foreninger; der lejede timer i Toksv\u00e6rd Hallen, kunne ydes samme tilskud, som til de foreninger; der siden 1977 havde benyttet Holmegaard hallen. Timetilskuddet var dengang kr. 114,- i Holmegaardhallen, mod det lovpligtige tilskud p\u00e5 kun kr. 37,50.<\/p>\n\n\n\n<p>H\u00e5bet om en hal i Toksv\u00e6rd var dog ikke opgivet. Vi fik til opgave at udarbejde nye og reducerede budgetter. Denne opgave l\u00f8ste vi ved at opdele det planlagte byggeri i 3 faser; og alene udarbejde budget for 1. fase, som indeholdt en idr\u00e6tshal helt uden faciliteter som omkl\u00e6dningsrum og toiletter. Disse faciliteter m\u00e5tte komme senere; n\u00e5r og hvis \u00f8konomien tillod det. Faciliteterne p\u00e5 Toksv\u00e6rd skole m\u00e5tte s\u00e5 benyttes, selv om dette selvf\u00f8lgelig ville v\u00e6re upraktisk. De nye budgetter blev forelagt for \u00f8konomiudvalget inden udgangen af 1988, og tallene for anl\u00e6g og drift var nu reduceret til hhv. kr. 4.108.000 for anl\u00e6g og kr. 365.000,- \u00e5rligt for drift.<\/p>\n\n\n\n<p>Til vor store gl\u00e6de st\u00f8ttede \u00f8konomiudvalget det reducerede budget, og vi var nu sikre p\u00e5, at Toksv\u00e6rd Hallen ville blive en realitet. Samtidig var meldingen fra kommunen, at der til de foreninger, der benyttede Toksv\u00e6rd Hallen, ville blive ydet samme timetilskud som til de foreninger der benyttede Holmegaardhallen.<\/p>\n\n\n\n<p>Formuen n\u00e5ede i 1988 kr. 900.000,- og medlemstallet var steget til 620. I starten af 1989 sagde en n\u00e6sten enig kommunalbestyrelse den 25\/1 &#8220;ja&#8221; til opf\u00f8relsen af Toksv\u00e6rd Hallen. Man kunne n\u00e6sten sige, at m\u00e5let nu var n\u00e5et. Et vigtigt skridt var I hvert fald taget.<\/p>\n\n\n\n<p>Der var I bestyrelsen flertal for placering af hallen ved Toksv\u00e6rd skole, og vi fik med B\u00f8rge Nielsen forhandlet os til k\u00f8b af et stykke jord. Jorden blev senere overtaget af kommunen, som lejer den ud til os. Der blev s\u00f8gt om udarbejdelse af lokalplan, og indbudt til licitation, hvor vi fik os noget af en overraskelse, da flere af tilbuddene var h\u00f8jere end forventet. Licitationen blev delvist kasseret, og vi m\u00e5tte p\u00e5 den igen for dele af licitationen.<\/p>\n\n\n\n<p>Vi landede p\u00e5 et byggebudget p\u00e5 kr. 4.462.800,- hvilket var noget h\u00f8jere end det budget, der var forelagt for \u00f8konomiudvalget. Det nye budget stillede krav om en egenkapital p\u00e5 kr. 900.000,-. Vi havde p\u00e5 dette tidspunkt samlet 1,1 mill. kr. sammen, og da vi samtidig fik et godt l\u00e5netilbud p\u00e5 et indeksl\u00e5n p\u00e5 3,6 mill. kr., var der ingen problemer med finansieringen af byggeriet. Der var i denne fase l\u00f8bende m\u00f8der med \u00f8konomiudvalget, som sagde god for budgettet. 1. spadestik blev taget den 22. august 1989 str\u00e5lende solskin og med en masse tilskuere, herunder elever og l\u00e6rere p\u00e5 Toksv\u00e6rd skole. Det var en stor dag for Os i bestyrelsen, og for det meste af lokalbefolkningen, som havde &#8220;v\u00e6ret med Os&#8221; hele vejen.<\/p>\n\n\n\n<p>Byggeriet skred planm\u00e6ssigt fremad, og den 3. marts 1990 kunne hallen indvies med stor reception om formiddagen med 250 g\u00e6ster, fest om aftenen med 566 deltagere, og 1. sportsdag i hallen dagen efter. Da vi kunne gennemf\u00f8re byggeriet uden overskridelse af byggebudgettet, var der penge &#8220;til overs&#8221; s\u00e5 det i slutfasen blev muligt ogs\u00e5 at realisere fase 2 af det oprindelig planlagte byggeri. Dette bet\u00f8d, at vi fra starten ogs\u00e5 fik omkl\u00e6dningsrum og toiletter, uden at skulle l\u00e5ne ekstra penge. Receptionen indbragte gaver for 235.000,-, s\u00e5 vi gjorde snart klar til at g\u00f8re byggeriet helt f\u00e6rdigt, med cafeteria\/opholdsrum, og 2 ekstra omkl\u00e6dningsrum p\u00e5. 1. sal. Indvielsen af 1. salen fandt sted allerede \u00e5ret efter i forbindelse med den \u00e5rlige halfest den 2. marts 1991. I 1995 fulgte s\u00e5 tilbygning af redskabsrum p\u00e5 siden af hallen.<\/p>\n\n\n\n<p>Det viste sig straks, at der var behov for en idr\u00e6tshal i Toksv\u00e6rd. Til f\u00f8rste fordelingsm\u00f8de, var der fremsendt \u00f8nsker fra foreningerne om 58 ugentlige haltimer, hvilket var noget mere end vi kunne klare inden for &#8220;normal \u00e5bningstid&#8221;. 49 faste ugentlige timer blev udlejet f\u00f8rste s\u00e6son, og lige siden har udlejningen ligget meget konstant omkring 50 timer\/uge. Dertil kommer timer til st\u00e6vner turneringer og andre arrangementer.<\/p>\n\n\n\n<p>En hal som Toksv\u00e6rd Hallen, med et l\u00e5n p\u00e5 kr. 3.6 mill., der skal afdrages og forrentes, kan ikke f\u00e5 \u00f8konomien til at h\u00e6nge sammen alene med indt\u00e6gter fra udlejning af haltimer. For at skaffe balance i hallens drift, er det n\u00f8dvendigt med en stor frivillig og ul\u00f8nnet arbejdsindsats fra mange, s\u00e5 l\u00f8nudgifterne holdes p\u00e5 et minimum. Der er i Toksv\u00e6rd Hallen alene l\u00f8nudgifter til reng\u00f8ring. Derudover er det n\u00f8dvendigt at skaffe ekstra indt\u00e6gter ved aktiviteter som salg af julekalendere, halfester pasning af cafeteria, m.m.<\/p>\n\n\n\n<p>Det har hidtil ikke v\u00e6ret noget problem, at f\u00e5 folk til at g\u00f8re et stykke arbejde for Toksv\u00e6rd Hallen, og hallen har i kraft heraf i sine 12 ar haft en god \u00f8konomi, og det oprindelige l\u00e5n p\u00e5 3.6 mill. kr. er i dag nedbragt til knap 3 mill. kr.<\/p>\n\n\n\n<p>Siden 1990 har Toksv\u00e6rd Hallen v\u00e6ret rammen om en meget stor del af TGI&#8217;s aktiviteter og det er mit h\u00e5b, at Toksv\u00e6rd Hallen ogs\u00e5 fremover vil v\u00e6re stedet, hvor TGI&#8217;s medlemmer m\u00e5des og dyrker deres idr\u00e6t.<\/p>\n\n\n\n<p><em>Kjeld Andreasen Formand 1986-2001<\/em><\/p>\n","protected":false},"excerpt":{"rendered":"<p>Historie Emnet &#8220;Hal i Toksv\u00e6rd&#8221; blev f\u00f8rste gang omtalt s\u00e5 tidligt som 1979 i TGI-bladet, da foreningens afg\u00e5ende formand Knud Jensen i et interview udtalte: &#8220;Der er behov for en hal i Toksv\u00e6rd&#8221;. Emnet hvilede s\u00e5 i nogle \u00e5r men blev taget op i TGI-bladet igen flere gange i perioden 1983 til 1986. Ove Larsen, [&hellip;]<\/p>\n","protected":false},"author":1,"featured_media":0,"parent":0,"menu_order":0,"comment_status":"closed","ping_status":"closed","template":"","meta":{"footnotes":""},"class_list":["post-38","page","type-page","status-publish","hentry"],"_links":{"self":[{"href":"http:\/\/toksvaerdhallen.dk\/index.php?rest_route=\/wp\/v2\/pages\/38","targetHints":{"allow":["GET"]}}],"collection":[{"href":"http:\/\/toksvaerdhallen.dk\/index.php?rest_route=\/wp\/v2\/pages"}],"about":[{"href":"http:\/\/toksvaerdhallen.dk\/index.php?rest_route=\/wp\/v2\/types\/page"}],"author":[{"embeddable":true,"href":"http:\/\/toksvaerdhallen.dk\/index.php?rest_route=\/wp\/v2\/users\/1"}],"replies":[{"embeddable":true,"href":"http:\/\/toksvaerdhallen.dk\/index.php?rest_route=%2Fwp%2Fv2%2Fcomments&post=38"}],"version-history":[{"count":2,"href":"http:\/\/toksvaerdhallen.dk\/index.php?rest_route=\/wp\/v2\/pages\/38\/revisions"}],"predecessor-version":[{"id":285,"href":"http:\/\/toksvaerdhallen.dk\/index.php?rest_route=\/wp\/v2\/pages\/38\/revisions\/285"}],"wp:attachment":[{"href":"http:\/\/toksvaerdhallen.dk\/index.php?rest_route=%2Fwp%2Fv2%2Fmedia&parent=38"}],"curies":[{"name":"wp","href":"https:\/\/api.w.org\/{rel}","templated":true}]}}